emainder when v is divided by x.
10
Suppose -5*s + 46 = g, 4*s + g = -g + 32. What is the remainder when 47 is divided by s?
7
Let v(k) = -4*k**3 + 2*k**2 - 4*k - 3. Let p be v(-2). Calculate the remainder when 235/p + 4/(-18) is divided by 3.
2
Let b = -1 + 4. Let v(y) = y**3 + b*y**3 - y - 5*y**3 + 23. What is the remainder when v(0) is divided by 12?
11
Let y(t) = -2*t**2 - 2. Let l be y(4). Let f = -86 - l. Let s = f - -87. Calculate the remainder when s is divided by 18.
17
Let s(h) = 2*h + 13. Calculate the remainder when 48 is divided by s(0).
9
Let y(v) = 2*v**2 - 19*v + 12. Calculate the remainder when y(13) is divided by 35.
33
Let a(c) = 2*c - 20. Suppose -2*b = -3*l - b + 10, 5*l - b = 18. Calculate the remainder when a(13) is divided by l.
2
Let v be -40*(-6)/(-10)*2. Let u = 85 + v. Calculate the remainder when 73 is divided by u.
36
Let u = 35 - -12. Suppose 0 = -k + 10 + 2. Calculate the remainder when u is divided by k.
11
Let q = 5 + -2. Let a(r) = -6*r**2 - r**3 - r - 5 - 6*r + q. Calculate the remainder when 23 is divided by a(-5).
7
What is the remainder when 11 is divided by (5/(-10)*-20)/(1 - -1)?
1
Suppose -3*d + 4*d - 5*s = 9, 4*d + 2*s - 58 = 0. Calculate the remainder when 9483/232 + 1/8 is divided by d.
13
Let o(a) = a**2 + 2*a + 1. Let m be o(-1). Suppose m = 3*l - 6*l + 45. What is the remainder when 42 is divided by l?
12
Suppose -2 = 2*q - 3*q. Suppose -2*b = -3*b - q. Let t = 1 - b. Calculate the remainder when 5 is divided by t.
2
Suppose 15 = -2*f - 5*o + 246, 0 = -4*f + 5*o + 447. Calculate the remainder when f is divided by 29.
26
Suppose -3*g - 8 + 23 = 0. Calculate the remainder when 14/77 - 130/(-11) is divided by g.
2
Let q(d) = d**3 + 2*d**2 + 3*d + 3. Let i be q(-2). Calculate the remainder when (-3 - -2)*(-2 + i) is divided by 2.
1
Let b(v) be the second derivative of v**5/20 + v**4/2 - v**3 - 4*v**2 - 5*v. What is the remainder when b(-6) is divided by 15?
13
Calculate the remainder when 61 is divided by (-2)/(-2*2/16).
5
Let o = 14 - 3. Calculate the remainder when 10 is divided by (-12)/66 + 35/o.
1
Let q(n) be the third derivative of 0 - 1/12*n**4 - n**2 + 0*n + 2/3*n**3 + 1/60*n**5. What is the remainder when 34 is divided by q(4)?
10
Suppose -5*y = -y - 48. Suppose 36 = g + y. Let l = g - 6. Calculate the remainder when l is divided by 10.
8
Calculate the remainder when 18 is divided by ((-4)/6)/(4/(-42)).
4
Suppose -42*k = -37*k - 250. What is the remainder when k is divided by 18?
14
Let n(y) = -y - 5. Let k be n(-8). Suppose -4*g + 3*g - 1 = 5*q, 0 = -4*g - k*q + 30. Calculate the remainder when 34 is divided by g.
7
Let g(b) = 3*b**3 - 2*b**2 - 6*b - 2. Calculate the remainder when 168 is divided by g(3).
39
Suppose -4*v = 2*k - 10, -4*k - 30 = -v - v. Let a(z) = -z**2 - z + 22. Suppose 4*o - 2*o - 12 = 0. Calculate the remainder when o is divided by a(k).
0
Let d = -8 - -12. What is the remainder when 9 is divided by d?
1
Calculate the remainder when 3 + (90/2)/1 is divided by 17.
14
Calculate the remainder when 20 is divided by 7/(-2)*(-28)/14.
6
Suppose -5*x = -3*c + 43, c - 21 = -0*c + 3*x. Calculate the remainder when 52 is divided by c.
4
Suppose -3*t + 7 = 2*r, -t = -5*r - 5*t + 35. Calculate the remainder when 108 is divided by r.
9
What is the remainder when 3/(3 + 873/(-294)) is divided by 25?
23
Let d = 1 - 2. Calculate the remainder when (2 - 1)/d + 22 is divided by (75/(-10) - -8)*(-1 - -23).
10
Suppose z - 17 = -6*y + 2*y, 6 = y + 2*z. Let l be 2 + 0*(0 - -1). Suppose 30 = y*h - l*h. What is the remainder when h is divided by 8?
7
Let f(q) = 6*q**2 - 4*q - 2. Let c(b) = -12*b**2 + 9*b + 5. Let g(z) = 3*c(z) + 7*f(z). What is the remainder when ((-24)/15)/(1/(-10)) is divided by g(1)?
4
Suppose -33 = -4*a - 3*g + 4*g, 5*g = 3*a - 12. Let n be 14/(-1) - -1*1. Let k = a - n. Calculate the remainder when k is divided by 8.
6
Suppose 0 = -5*v + 43 + 17. What is the remainder when 22 is divided by v?
10
Suppose -5*w + 36 = -224. Let l = w + -31. Suppose i + 6*f = 3*f + 65, 0 = -4*i - 2*f + 250. What is the remainder when i is divided by l?
20
Let h be (-166)/(-10) - 2/(-5). Suppose 0 = -4*r + 4*x + 8, -3*x + x = 5*r - h. Calculate the remainder when 24 + -1 + -1 + r is divided by 9.
7
Let v be -2*5 - 0/(-1). Let z = -4 - v. What is the remainder when 16 is divided by 4/6 + 32/z?
4
Suppose -3*s + 12 = 3*m, -3*s + 2*s = -2*m - 7. Suppose -85 = -2*b - s*j, -2*b + 181 = 3*b + 2*j. What is the remainder when b is divided by 18?
17
Let l(r) = 52*r**2 - r + 1. Let q(b) = 6*b. Suppose 0*w - 3*w = -9. What is the remainder when l(1) is divided by q(w)?
16
Let d(n) = -n**2 - 5*n + 2. Let m be d(-5). Suppose 23 + 9 = m*h. Let t = 32 - 2. Calculate the remainder when t is divided by h.
14
Let a = -23 + 37. Suppose 0*r + 4*c = -3*r + 7, -4 = 2*c. What is the remainder when a is divided by (3 + -2)*1*r?
4
Let f = -4 - -9. Calculate the remainder when 11 is divided by (-29)/(-5) - (-1)/f.
5
Let m = 10 + 17. Calculate the remainder when 23 is divided by (36/m)/(2/18).
11
Let n(t) = -3*t - 4 + 4*t**2 + 3*t - 4*t. Let x = -6 - -3. Calculate the remainder when n(x) is divided by 15.
14
Let k(r) = r**3 - 9*r**2 + 3*r - 8. What is the remainder when 74 is divided by k(9)?
17
Let d(q) = 3*q - 78. What is the remainder when 27 is divided by d(28)?
3
Suppose -3*p + 2*p + 3*w + 9 = 0, w = 4*p - 36. Suppose -28 = -5*b - 0*k + 2*k, -2*b + 8 = -4*k. What is the remainder when p is divided by b?
3
Let r = 41 + 1. What is the remainder when r is divided by -1 + 4 - (0 + -12)?
12
Let b = -43 - -72. Let s(v) = v + 8. Let a be s(0). Let d(j) = j**3 - 8*j**2 + 3*j - 9. Calculate the remainder when b is divided by d(a).
14
Let j = 31 - -25. Calculate the remainder when j is divided by 31.
25
Suppose -2*y = -2*r + 4*r + 16, -4 = 4*y. Let j(v) = -v**2 - 7*v + 8. What is the remainder when j(r) is divided by 3?
2
Suppose 2*i + i - 144 = 0. Calculate the remainder when i is divided by 17.
14
Let p(f) = f**2 - 10*f + 10. Let z be (1 - -6) + 0 + 3. Calculate the remainder when 27 is divided by p(z).
7
Let y = 406 - 219. Calculate the remainder when y is divided by 48.
43
Suppose 2*p = 6, 0 = -2*a + p + 1. What is the remainder when 11 is divided by a?
1
Calculate the remainder when 8 is divided by (-26)/(-4) - ((-5)/(-2) + -2).
2
Let t(s) = s**2 + 7*s + 5. Let h be t(-7). Suppose -48 = -2*w + h*q, -q - 4*q - 62 = -3*w. Calculate the remainder when 55 is divided by w.
13
What is the remainder when 127 is divided by (12 + -18)*16/(-6)?
15
Suppose -3 = 5*f - 13. Let w(z) = -4*z**2 + 1. Let o be w(f). Calculate the remainder when (-291)/o - (-2)/(-5) is divided by 10.
9
Suppose x = 3*j - 6, 5*x + 5*j = x + 10. Suppose 3*p - 4*v + 2*v = 4, -p - 3*v + 5 = x. Suppose -p*k = -5*k + 12. What is the remainder when 7 is divided by k?
3
Let t = 8 - 1. Let o = t - -41. Calculate the remainder when o is divided by 10.
8
Suppose 2*w + 0*w + 4 = 0. Calculate the remainder when 7 is divided by w/8 + 51/12.
3
Suppose 2*t + 3*x - 162 = 0, x = t - 2*x - 81. What is the remainder when t is divided by 41?
40
Let g(p) = -6*p + 9 + p + 4*p. Let o be g(5). Suppose 0 = 4*j + o*c - 2*c - 64, -3*c = 5*j - 82. What is the remainder when 40 is divided by j?
12
Suppose 0 = t, -5*x + 3*t + 69 = -11. Calculate the remainder when 78 is divided by x.
14
Let u = 24 + -47. Let j = -4 - u. What is the remainder when 35 is divided by j?
16
Let p(b) = -b + 9. Let u = 2 + 2. Let c be p(u). Suppose -c*w + 34 = -166. What is the remainder when w is divided by 14?
12
Suppose -w - 12 = -5*f - 5, -3*w = f + 5. Let u(r) = -r**2 + 10*r - 8. Calculate the remainder when (-39 + 2)/(0 - f) is divided by u(7).
11
Suppose 3*n = -4*a - 15 + 80, 0 = 4*n - 12. What is the remainder when 37 is divided by a?
9
Let m be -2*(-1)/2 - -2. Suppose 2*k + 31 = 4*g - 51, -m*k = -2*g + 35. Calculate the remainder when g is divided by 12 + 0 - (1 - 1).
10
Suppose -6 - 197 = -7*w. Calculate the remainder when 83 is divided by w.
25
Let p = 5 + -3. Suppose -3*u - p*j + 169 = -9, -180 = -3*u - 3*j. Let r = u - 29. Calculate the remainder when r is divided by 10.
9
Calculate the remainder when 20/(1 - (-2)/(-6)) is divided by 8.
6
Suppose -4*i = -5*i + 15. What is the remainder when 43 is